be p(-5). Suppose i*h + 5 = -h, -3*l + s = -h. Calculate the remainder when 23 is divided by l.
7
Calculate the remainder when 0 + 3 + 136/8 is divided by 13.
7
Let u(v) = v**2 + 11*v - 10. Suppose -5*b - 10 - 25 = 5*x, -3*x = -15. Calculate the remainder when 5 is divided by u(b).
1
What is the remainder when 110 is divided by ((-5)/2 + 4)/(3/76)?
34
Let v(i) = i**3 + 10*i**2 + 9*i. Let s be v(-9). Suppose 3*t - 2 - 31 = s. Calculate the remainder when 32 is divided by t.
10
Suppose 4*g - 105 = -5*j + 3, 0 = j. What is the remainder when 49 is divided by g?
22
Let l be (-1 + 16)/((-2)/2). What is the remainder when 40 is divided by (l/10)/(2/(-28))?
19
Let o be (2/(-4))/((-5)/170). Suppose 0 = 5*j - o - 138. Calculate the remainder when j is divided by 11.
9
Suppose -3*w + 66 = 6. Calculate the remainder when w is divided by 8.
4
Suppose -2*l - 4*l + 72 = 0. Calculate the remainder when 45 is divided by l.
9
Let l = 117 - 101. Calculate the remainder when 108 is divided by l.
12
What is the remainder when 42 is divided by 1/(-8) + 1/((-24)/(-555))?
19
Suppose 8*i - 6*i = 100. What is the remainder when i is divided by 13?
11
Let h(a) = a + 10. What is the remainder when 107 is divided by h(12)?
19
Suppose -5*v = -7*q + 3*q + 11, -10 = -2*v. Let z(b) = -4*b - 5. What is the remainder when z(-5) is divided by q?
6
Suppose 0*x - 42 = -3*x. Let y = x - 9. Suppose 0 = -y*b + 4*r + 101, -5*r - 17 - 3 = 0. What is the remainder when 33 is divided by b?
16
Let d(x) = x**2 - 3*x + 2. Let v be d(4). Suppose v = r - 3*a + 13, 2*r = 3*a + 1. Suppose -3*n = -r - 10. Calculate the remainder when 11 is divided by n.
5
Suppose 0 = -2*k - 2*k + 4. Suppose -m = -3*q + 4*m + k, 5*q + 4*m - 14 = 0. What is the remainder when 2 is divided by q?
0
Suppose -w - 520 = -4*i, 629 = 5*i + 2*w + 2*w. Calculate the remainder when i is divided by 22.
19
Let z = -10 - -20. Let t = z - 5. Suppose -t*d + 7*d - 20 = 0. Calculate the remainder when 29 is divided by d.
9
Suppose -5*p + 18 = -n, -p = -3*n + 4*p - 4. Let v be -2*(3 + (-36)/8). What is the remainder when n is divided by 2/v - (-10)/3?
3
Let d(n) = -n**3 + 4*n**2 + 14*n + 2. What is the remainder when d(6) is divided by 5 - 0 - (1 - -1)?
2
Let g(u) = -2*u - 10. Calculate the remainder when 79 is divided by g(-15).
19
Suppose -5*d - 20 = -2*m, -4*m + 9*m = -3*d + 50. Let n = m + 5. Calculate the remainder when 44 is divided by n.
14
Let q(b) = -2*b - 12. Let j be q(-8). Suppose u - 9 = -j*n + 6, 0 = 2*u + n - 23. Let s = -5 + u. What is the remainder when 9 is divided by s?
3
Let h be 3/7 - (-1131)/(-91). Let b = h + 31. Calculate the remainder when 73 is divided by b.
16
Let p(w) = -5*w - 2. Calculate the remainder when p(-2) is divided by 5.
3
Let z = -54 - -107. Suppose 2*h - 25 - 27 = 4*g, -2*h + z = -5*g. What is the remainder when h is divided by 5?
4
Let w(o) = 2*o**3 + o - 1. Let j be w(1). Suppose -21 - 11 = -j*b. Calculate the remainder when 47 is divided by b.
15
Suppose 5*h - 27 + 2 = 0. Calculate the remainder when 7 is divided by h.
2
Suppose -3*f = 5*k - 90, k = 4*f + 11 + 7. Suppose 0 = -l - 2*x + 1, -4*l + 22 = -3*x + 2*x. Let j = l + 47. What is the remainder when j is divided by k?
16
Suppose 8*i - 4 = 7*i. What is the remainder when 5 is divided by i?
1
Calculate the remainder when 49 is divided by (-51)/(-15)*(1 - -4).
15
Calculate the remainder when 31 is divided by (-1)/4 + 966/56.
14
Let i(y) = 2*y**2 + 5*y + 3. Let l(s) = -s**3 - 8*s**2 + 2*s + 11. Let n be l(-8). What is the remainder when i(n) is divided by 10?
8
Suppose 0 = -q + 35 - 12. Suppose -g + 5*g - 20 = 0. Suppose -g*m = 2*f - 41, -10 + 1 = 2*f - 5*m. What is the remainder when q is divided by f?
7
Suppose -2*h - k + 1 + 4 = 0, -2*k - 35 = -5*h. Let n = h - 3. Suppose 5*g + 15 = 0, n*g - 3 = -2*u - g. Calculate the remainder when u is divided by 4.
2
Suppose -4*r + 34 = -26. Let f = -9 + r. Suppose 4*h = f*h - 10, -5*o = -2*h. What is the remainder when 4 is divided by o?
0
Suppose 9*k - 4*k = 10. What is the remainder when 12 is divided by k + (-2)/2 + 4?
2
Let c be 4/(-6)*-12 - 0. Let h = 18 - c. Calculate the remainder when 18 is divided by h.
8
Suppose -2 - 6 = 4*w. Let m = w - -5. What is the remainder when 17 + 1 - (-3)/m is divided by 7?
5
Suppose -4*k = -2*o - 34, 3*o + 1 = k + 5. Suppose -2*y = -3*x + 202 - 60, 0 = -2*x + 5*y + 113. Let v = x - 13. What is the remainder when v is divided by k?
9
Suppose t = -4*z + 40, 4*z + 82 = 5*t + 2. Let d be ((-10)/(-4))/((-4)/(-8)). Let v = d + 6. What is the remainder when t is divided by v?
9
Suppose 5*t = -0*t + 20. Calculate the remainder when t*1/4 + 3 is divided by 3.
1
Suppose -3*x - 7 = -28. What is the remainder when 10 is divided by x?
3
Suppose 0*t = -4*t. Suppose 53 = u + 2*u + 2*a, -a + 4 = t. Calculate the remainder when 29 is divided by u.
14
Suppose 2*u - 6*u = -16. Suppose 3 = -2*k - k, u*s - 152 = -4*k. What is the remainder when s is divided by 21?
18
Let f(m) = 5*m - 1. Let o be f(1). Let s = o + 8. What is the remainder when 33 is divided by s?
9
Suppose 3*b + 2*b = 30. Let v(i) = i**3 + 4*i**2 + i + 5. Let k be v(-4). Suppose k = -p + b. Calculate the remainder when 13 is divided by p.
3
Let w = 26 - 17. Let b(h) = -h**3 + 10*h**2 - 6*h - 10. Calculate the remainder when b(w) is divided by 9.
8
Calculate the remainder when (-5 - -1)*(6 + -8) is divided by 3.
2
Suppose p - 4*s + 16 = 0, -3*s + 0*s + 27 = 3*p. Let u(j) = -j**2 + 4*j + 5. What is the remainder when 8 is divided by u(p)?
3
Suppose -m - 2481 = l - 2*l, -4*m = -5*l + 9923. What is the remainder when m/(-22) + (-4)/(-22) is divided by 29?
26
Let u = 5 - -25. What is the remainder when 88 is divided by u?
28
Suppose 69 = g + 28. Calculate the remainder when g is divided by 150/14 - 2/(-7).
8
Let v = -1 - -34. What is the remainder when v is divided by 18?
15
Suppose -y + 46 = y. What is the remainder when 91 is divided by y?
22
Let c(p) = 6*p + 4. Calculate the remainder when 54 is divided by c(4).
26
Let n = -25 - -33. Calculate the remainder when 37 is divided by n.
5
Suppose 10*w = 5*w + 150. Suppose -w = -b + 2. Suppose 23 - 1 = 2*m. What is the remainder when b is divided by m?
10
Let y(s) = -s**2 + 25*s - 64. Calculate the remainder when y(18) is divided by 9.
8
Suppose 0 = j + 3*b - 77, 3*b + 145 - 9 = 2*j. Suppose -6*t + 72 = -2*t. Calculate the remainder when j is divided by t.
17
Let x(u) = u**2 + 19*u + 15. Calculate the remainder when x(-21) is divided by 30.
27
Calculate the remainder when 1907/15 - 2/45*3 is divided by 65.
62
Let n(c) = -c**2 + 10*c + 8. What is the remainder when n(9) is divided by 93/18 - 1/6?
2
Let i(d) = 2*d - 7. Let v(j) = j**3 - 12. Let q be v(0). Let f = 20 + q. What is the remainder when 16 is divided by i(f)?
7
Suppose -108 = m - 10*m. Let t be (2 + 0)/2 + -2. What is the remainder when m is divided by 3*2 + 2 + t?
5
Suppose -z - 6 = -9. Suppose 0 = -5*r - 2*i + 28 + 28, -41 = -5*r + z*i. What is the remainder when 19 is divided by r?
9
What is the remainder when 75 is divided by 1*-11*(-4)/(1 + 3)?
9
Let t = 37 + -52. Calculate the remainder when (t/(-6) - 2)*24 is divided by 7.
5
Suppose 2*t - 14 = -6. Suppose 14*r - 40 = 9*r. What is the remainder when r is divided by (-2)/(t/(-10)*1)?
3
Let q(b) = -8*b + 7. What is the remainder when q(-6) is divided by 19?
17
Suppose -9*v - 51 = -12*v. What is the remainder when 48 is divided by v?
14
Let u(s) = -2*s + 2. Let c be u(-2). Calculate the remainder when 12 is divided by (-4 - -1)*(-14)/c.
5
Suppose -20 = -2*n - q + 7, -57 = -5*n + q. Calculate the remainder when 46 is divided by n.
10
Suppose 2*j - j - 6 = w, -4*w + 6 = 2*j. What is the remainder when 26 is divided by 16 + w/(-1) + -3?
12
Let d(b) = -2*b**3 - 8*b**2 + 12*b - 33. Let y be 0 - (0 + 0/1). Suppose y = -0*x - 3*x + 42. Calculate the remainder when d(-6) is divided by x.
11
Let c(h) = -h**3 - h**2 - 2*h - 12. What is the remainder when c(-4) is divided by 16?
12
Let c(l) be the second derivative of -l + 0 - 1/6*l**3 - l**2 + 1/3*l**4. What is the remainder when c(-2) is divided by 6?
4
Suppose i = 4*a - 3*i - 84, 0 = -a - 3*i + 25. What is the remainder when 31 is divided by 2/((-40)/a + 2)?
9
Let m(i) = 3*i + 2. Let k = -47 + 77. Calculate the r